{"id":1702,"date":"2025-06-05T01:38:41","date_gmt":"2025-06-05T01:38:41","guid":{"rendered":"https:\/\/redlat.cl\/?page_id=1702"},"modified":"2025-06-05T01:38:41","modified_gmt":"2025-06-05T01:38:41","slug":"convocatorias","status":"publish","type":"page","link":"https:\/\/redlat.cl\/index.php\/convocatorias\/","title":{"rendered":"CONVOCATORIAS"},"content":{"rendered":"\n<p><strong>Educaci\u00f3n, Pol\u00edtica e Interculturalidad. Construyendo nuevos horizontes desde Am\u00e9rica Latina<\/strong><\/p>\n\n\n\n<div class=\"_df_book df-lite\" id=\"df_1863\"  _slug=\"1863\" data-title=\"convocatoria-para-capitulos-de-libro-fovi-240274\" wpoptions=\"true\" thumb=\"https:\/\/redlat.cl\/wp-content\/uploads\/2025\/06\/Captura-de-pantalla-2025-06-11-154727.png\" thumbtype=\"\" ><\/div><script class=\"df-shortcode-script\" nowprocket type=\"application\/javascript\">window.option_df_1863 = {\"outline\":[],\"autoEnableOutline\":\"false\",\"autoEnableThumbnail\":\"false\",\"overwritePDFOutline\":\"false\",\"direction\":\"1\",\"pageSize\":\"0\",\"source\":\"https:\\\/\\\/redlat.cl\\\/wp-content\\\/uploads\\\/2025\\\/06\\\/Convocatoria-para-capitulos-de-libro-FOVI-240274.pdf\",\"wpOptions\":\"true\"}; if(window.DFLIP && window.DFLIP.parseBooks){window.DFLIP.parseBooks();}<\/script>\n\n\n\n<p><\/p>\n\n\n\n<p><strong>Red Latinoamericana de Educaci\u00f3n, Pol\u00edtica e Interculturalidad (FOVI 240274-ANID)<\/strong><\/p>\n\n\n\n<div class=\"_df_book df-lite\" id=\"df_1872\"  _slug=\"1872\" data-title=\"convocatoria-de-pasantias-academicas-2025\" wpoptions=\"true\" thumb=\"https:\/\/redlat.cl\/wp-content\/uploads\/2025\/06\/Captura-de-pantalla-2025-06-11-154749.png\" thumbtype=\"\" ><\/div><script class=\"df-shortcode-script\" nowprocket type=\"application\/javascript\">window.option_df_1872 = {\"outline\":[],\"autoEnableOutline\":\"false\",\"autoEnableThumbnail\":\"false\",\"overwritePDFOutline\":\"false\",\"direction\":\"1\",\"pageSize\":\"0\",\"source\":\"https:\\\/\\\/redlat.cl\\\/wp-content\\\/uploads\\\/2025\\\/06\\\/Convocatoria-de-Pasantias-Academicas-2025.pdf\",\"wpOptions\":\"true\"}; if(window.DFLIP && window.DFLIP.parseBooks){window.DFLIP.parseBooks();}<\/script>\n\n\n\n<p><\/p>\n\n\n\n<p>2\u00b0 Convocatoria: <strong>Red Latinoamericana de Educaci\u00f3n, Pol\u00edtica e Interculturalidad (FOVI 240274-ANID)<\/strong><\/p>\n\n\n\n<div class=\"_df_book df-lite\" id=\"df_1875\"  _slug=\"1875\" data-title=\"2da-convocatoria-de-pasantias-academicas-2025\" wpoptions=\"true\" thumb=\"https:\/\/redlat.cl\/wp-content\/uploads\/2025\/06\/Captura-de-pantalla-2025-06-11-154801.png\" thumbtype=\"\" ><\/div><script class=\"df-shortcode-script\" nowprocket type=\"application\/javascript\">window.option_df_1875 = {\"outline\":[],\"autoEnableOutline\":\"false\",\"autoEnableThumbnail\":\"false\",\"overwritePDFOutline\":\"false\",\"direction\":\"1\",\"pageSize\":\"0\",\"source\":\"https:\\\/\\\/redlat.cl\\\/wp-content\\\/uploads\\\/2025\\\/06\\\/2da-Convocatoria-de-Pasantias-Academicas-2025.pdf\",\"wpOptions\":\"true\"}; if(window.DFLIP && window.DFLIP.parseBooks){window.DFLIP.parseBooks();}<\/script>\n","protected":false},"excerpt":{"rendered":"<p>Educaci\u00f3n, Pol\u00edtica e Interculturalidad. Construyendo nuevos horizontes desde Am\u00e9rica Latina Red Latinoamericana de Educaci\u00f3n, Pol\u00edtica e Interculturalidad (FOVI 240274-ANID) 2\u00b0 Convocatoria: Red Latinoamericana de Educaci\u00f3n, Pol\u00edtica e Interculturalidad (FOVI 240274-ANID)<\/p>\n","protected":false},"author":1,"featured_media":0,"parent":0,"menu_order":0,"comment_status":"closed","ping_status":"closed","template":"","meta":{"footnotes":""},"class_list":["post-1702","page","type-page","status-publish","hentry"],"_links":{"self":[{"href":"https:\/\/redlat.cl\/index.php\/wp-json\/wp\/v2\/pages\/1702","targetHints":{"allow":["GET"]}}],"collection":[{"href":"https:\/\/redlat.cl\/index.php\/wp-json\/wp\/v2\/pages"}],"about":[{"href":"https:\/\/redlat.cl\/index.php\/wp-json\/wp\/v2\/types\/page"}],"author":[{"embeddable":true,"href":"https:\/\/redlat.cl\/index.php\/wp-json\/wp\/v2\/users\/1"}],"replies":[{"embeddable":true,"href":"https:\/\/redlat.cl\/index.php\/wp-json\/wp\/v2\/comments?post=1702"}],"version-history":[{"count":0,"href":"https:\/\/redlat.cl\/index.php\/wp-json\/wp\/v2\/pages\/1702\/revisions"}],"wp:attachment":[{"href":"https:\/\/redlat.cl\/index.php\/wp-json\/wp\/v2\/media?parent=1702"}],"curies":[{"name":"wp","href":"https:\/\/api.w.org\/{rel}","templated":true}]}}