{"id":1585,"date":"2025-05-18T03:30:09","date_gmt":"2025-05-18T03:30:09","guid":{"rendered":"https:\/\/redlat.cl\/?page_id=1585"},"modified":"2025-06-12T18:26:16","modified_gmt":"2025-06-12T18:26:16","slug":"actividades","status":"publish","type":"page","link":"https:\/\/redlat.cl\/index.php\/actividades\/","title":{"rendered":"ACTIVIDADES"},"content":{"rendered":"\n<p>El proyecto de creaci\u00f3n de la Red Latinoamericana de Educaci\u00f3n, Pol\u00edtica e Interculturalidad, promovido por el Programa de Doctorado en Educaci\u00f3n Consorciado, propone la siguiente articulaci\u00f3n de actividades, sobre la base de las modalidades de la convocatoria:<\/p>\n\n\n\n<p><strong>Modalidad A: Pasant\u00edas<\/strong><\/p>\n\n\n\n<ol class=\"wp-block-list\">\n<li>Pasant\u00edas de investigaci\u00f3n de los\/as investigadores\/as y acad\u00e9micos\/as del Programa de Doctorado en Educaci\u00f3n Consorciado, con instituciones e investigadores\/as integrantes de los GT CLACSO de educaci\u00f3n.<\/li>\n<\/ol>\n\n\n\n<p><strong>Modalidad B: Atracci\u00f3n de Investigadores<\/strong><\/p>\n\n\n\n<p>1.&nbsp; Encuentros (virtuales y\/ o presenciales) de los miembros de los Grupos de Trabajo de CLACSO para presentar avances y resultados de investigaciones con los\/as investigadores\/as y acad\u00e9micos\/as del Programa de Doctorado en Educaci\u00f3n Consorciado.<\/p>\n\n\n\n<p>2.&nbsp; Participaci\u00f3n de los\/as investigadores\/as de los Grupos de Trabajo de CLACSO en proyectos de investigaci\u00f3n reconocidos de las universidades que componen el Programa de Doctorado en Educaci\u00f3n Consorciado.<\/p>\n\n\n\n<p><strong>Modalidad C: Talleres o Seminarios<\/strong><\/p>\n\n\n\n<ol start=\"1\" class=\"wp-block-list\">\n<li>Encuentro de investigadores\/as en congresos, simposios y\/o ateneos para el debate, intercambio y discusi\u00f3n acad\u00e9mica.<\/li>\n\n\n\n<li>Reuniones con organizaciones ind\u00edgenas y funcionarios\/gestores estatales en donde se puedan discutir los resultados de las investigaciones.<\/li>\n\n\n\n<li>Elaboraci\u00f3n de escritos que sistematicen los an\u00e1lisis construidos en mirada nacional y regional sobre los temas abordados por los Grupos de Trabajo y el Programa de Doctorado en Educaci\u00f3n Consorciado.<\/li>\n<\/ol>\n\n\n\n<p><\/p>\n","protected":false},"excerpt":{"rendered":"<p>El proyecto de creaci\u00f3n de la Red Latinoamericana de Educaci\u00f3n, Pol\u00edtica e Interculturalidad, promovido por el Programa de Doctorado en Educaci\u00f3n Consorciado, propone la siguiente articulaci\u00f3n de actividades, sobre la &#8230;<\/p>\n","protected":false},"author":1,"featured_media":1933,"parent":0,"menu_order":0,"comment_status":"closed","ping_status":"closed","template":"","meta":{"footnotes":""},"class_list":["post-1585","page","type-page","status-publish","has-post-thumbnail","hentry"],"_links":{"self":[{"href":"https:\/\/redlat.cl\/index.php\/wp-json\/wp\/v2\/pages\/1585","targetHints":{"allow":["GET"]}}],"collection":[{"href":"https:\/\/redlat.cl\/index.php\/wp-json\/wp\/v2\/pages"}],"about":[{"href":"https:\/\/redlat.cl\/index.php\/wp-json\/wp\/v2\/types\/page"}],"author":[{"embeddable":true,"href":"https:\/\/redlat.cl\/index.php\/wp-json\/wp\/v2\/users\/1"}],"replies":[{"embeddable":true,"href":"https:\/\/redlat.cl\/index.php\/wp-json\/wp\/v2\/comments?post=1585"}],"version-history":[{"count":1,"href":"https:\/\/redlat.cl\/index.php\/wp-json\/wp\/v2\/pages\/1585\/revisions"}],"predecessor-version":[{"id":1991,"href":"https:\/\/redlat.cl\/index.php\/wp-json\/wp\/v2\/pages\/1585\/revisions\/1991"}],"wp:featuredmedia":[{"embeddable":true,"href":"https:\/\/redlat.cl\/index.php\/wp-json\/wp\/v2\/media\/1933"}],"wp:attachment":[{"href":"https:\/\/redlat.cl\/index.php\/wp-json\/wp\/v2\/media?parent=1585"}],"curies":[{"name":"wp","href":"https:\/\/api.w.org\/{rel}","templated":true}]}}